{"id":998,"date":"2015-05-18T16:59:11","date_gmt":"2015-05-18T16:59:11","guid":{"rendered":"http:\/\/rosanabraga.com.br\/2017\/?post_type=product&#038;p=998"},"modified":"2016-10-14T14:12:18","modified_gmt":"2016-10-14T14:12:18","slug":"livro-o-poder-da-gentileza-nova-edicao","status":"publish","type":"product","link":"https:\/\/rosanabraga.com.br\/2017\/produto\/livro-o-poder-da-gentileza-nova-edicao\/","title":{"rendered":"Livro: O poder da gentileza (Nova Edi\u00e7\u00e3o)"},"content":{"rendered":"<p>O Modo Como Voc\u00ea Trata As Pessoas Determina Quem Voc\u00ea \u00c9!<br \/>\nNOVA EDI\u00c7\u00c3O REVISADA E AMPLIADA<\/p>\n<p>Este livro n\u00e3o trata de nenhum segredo. Entretanto, trata de detalhes valios\u00edssimos dos quais vamos nos esquecendo ao longo da vida, justamente por vivermos sob constante press\u00e3o, cobrados a apresentar resultados que nem sempre priorizam as rela\u00e7\u00f5es e tudo de bom que podemos vivenciar a partir delas.<br \/>\nO poder a que Rosana Braga se refere n\u00e3o tem a ver com manipular o outro, e muito menos com ser bobo, dizer \u2018sim\u2019 a todos. Tamb\u00e9m n\u00e3o se trata de apar\u00eancia, fingimento ou estrat\u00e9gia para conseguir o que se quer. Tampouco de apenas uma ferramenta para vender mais ou de um modo de conquistar algu\u00e9m, embora sirva perfeitamente para tudo isso.<br \/>\nA gentileza, tema que a autora amplifica e detalha, passando pelas rela\u00e7\u00f5es pessoais, profissionais, sociais e ambientais, tem a ver com bem-estar, \u00e9tica, felicidade, sa\u00fade f\u00edsica e emocional; bem como com sucesso e realiza\u00e7\u00e3o no ambiente de trabalho e maior produtividade, efici\u00eancia e criatividade na vida em geral. Enfim, por meio da sugest\u00e3o de reflex\u00f5es, dicas pr\u00e1ticas e exerc\u00edcios para o dia-a-dia, Rosana Braga envolve o leitor despertando sentimentos e percep\u00e7\u00f5es quase sempre esquecidos por conta da rotina. E entre risadas, l\u00e1grimas e preciosas ferramentas, seus leitores certamente chegar\u00e3o \u00e0 \u00faltima p\u00e1gina com o desejo de serem bem mais gentis!<\/p>\n<p>176 p\u00e1ginas<br \/>\nFormato: 16&#215;23 cm<\/p>\n","protected":false},"excerpt":{"rendered":"<p>O Modo Como Voc\u00ea Trata As Pessoas Determina Quem Voc\u00ea \u00c9! NOVA EDI\u00c7\u00c3O REVISADA E AMPLIADA Este livro n\u00e3o trata de nenhum segredo. Entretanto, trata de detalhes valios\u00edssimos dos quais vamos nos esquecendo ao longo da vida, justamente por vivermos sob constante press\u00e3o, cobrados a&#8230;<\/p>\n","protected":false},"featured_media":988,"comment_status":"open","ping_status":"closed","template":"","meta":{"_exactmetrics_skip_tracking":false,"_exactmetrics_sitenote_active":false,"_exactmetrics_sitenote_note":"","_exactmetrics_sitenote_category":0},"product_brand":[],"product_cat":[38],"product_tag":[42,46,50],"class_list":{"0":"post-998","1":"product","2":"type-product","3":"status-publish","4":"has-post-thumbnail","6":"product_cat-livros","7":"product_tag-amor","8":"product_tag-gentileza","9":"product_tag-poder","11":"first","12":"instock","13":"shipping-taxable","14":"purchasable","15":"product-type-simple"},"yoast_head":"<!-- This site is optimized with the Yoast SEO plugin v24.2 - https:\/\/yoast.com\/wordpress\/plugins\/seo\/ -->\n<title>Livro: O poder da gentileza (Nova Edi\u00e7\u00e3o) - Rosana Braga<\/title>\n<meta name=\"robots\" content=\"index, follow, max-snippet:-1, max-image-preview:large, max-video-preview:-1\" \/>\n<link rel=\"canonical\" href=\"http:\/\/rosanabraga.com.br\/2017\/produto\/livro-o-poder-da-gentileza-nova-edicao\/\" \/>\n<meta property=\"og:locale\" content=\"pt_BR\" \/>\n<meta property=\"og:type\" content=\"article\" \/>\n<meta property=\"og:title\" content=\"Livro: O poder da gentileza (Nova Edi\u00e7\u00e3o) - Rosana Braga\" \/>\n<meta property=\"og:description\" content=\"O Modo Como Voc\u00ea Trata As Pessoas Determina Quem Voc\u00ea \u00c9! NOVA EDI\u00c7\u00c3O REVISADA E AMPLIADA Este livro n\u00e3o trata de nenhum segredo. Entretanto, trata de detalhes valios\u00edssimos dos quais vamos nos esquecendo ao longo da vida, justamente por vivermos sob constante press\u00e3o, cobrados a...\" \/>\n<meta property=\"og:url\" content=\"http:\/\/rosanabraga.com.br\/2017\/produto\/livro-o-poder-da-gentileza-nova-edicao\/\" \/>\n<meta property=\"og:site_name\" content=\"Rosana Braga\" \/>\n<meta property=\"article:modified_time\" content=\"2016-10-14T14:12:18+00:00\" \/>\n<meta property=\"og:image\" content=\"http:\/\/rosanabraga.com.br\/2017\/wp-content\/uploads\/2016\/04\/O-poder-da-gentileza.png\" \/>\n\t<meta property=\"og:image:width\" content=\"1000\" \/>\n\t<meta property=\"og:image:height\" content=\"1000\" \/>\n\t<meta property=\"og:image:type\" content=\"image\/png\" \/>\n<meta name=\"twitter:card\" content=\"summary_large_image\" \/>\n<meta name=\"twitter:label1\" content=\"Est. tempo de leitura\" \/>\n\t<meta name=\"twitter:data1\" content=\"1 minuto\" \/>\n<script type=\"application\/ld+json\" class=\"yoast-schema-graph\">{\"@context\":\"https:\/\/schema.org\",\"@graph\":[{\"@type\":\"WebPage\",\"@id\":\"http:\/\/rosanabraga.com.br\/2017\/produto\/livro-o-poder-da-gentileza-nova-edicao\/\",\"url\":\"http:\/\/rosanabraga.com.br\/2017\/produto\/livro-o-poder-da-gentileza-nova-edicao\/\",\"name\":\"Livro: O poder da gentileza (Nova Edi\u00e7\u00e3o) - Rosana Braga\",\"isPartOf\":{\"@id\":\"https:\/\/rosanabraga.com.br\/2017\/#website\"},\"primaryImageOfPage\":{\"@id\":\"http:\/\/rosanabraga.com.br\/2017\/produto\/livro-o-poder-da-gentileza-nova-edicao\/#primaryimage\"},\"image\":{\"@id\":\"http:\/\/rosanabraga.com.br\/2017\/produto\/livro-o-poder-da-gentileza-nova-edicao\/#primaryimage\"},\"thumbnailUrl\":\"https:\/\/rosanabraga.com.br\/2017\/wp-content\/uploads\/2016\/04\/O-poder-da-gentileza.png\",\"datePublished\":\"2015-05-18T16:59:11+00:00\",\"dateModified\":\"2016-10-14T14:12:18+00:00\",\"breadcrumb\":{\"@id\":\"http:\/\/rosanabraga.com.br\/2017\/produto\/livro-o-poder-da-gentileza-nova-edicao\/#breadcrumb\"},\"inLanguage\":\"pt-BR\",\"potentialAction\":[{\"@type\":\"ReadAction\",\"target\":[\"http:\/\/rosanabraga.com.br\/2017\/produto\/livro-o-poder-da-gentileza-nova-edicao\/\"]}]},{\"@type\":\"ImageObject\",\"inLanguage\":\"pt-BR\",\"@id\":\"http:\/\/rosanabraga.com.br\/2017\/produto\/livro-o-poder-da-gentileza-nova-edicao\/#primaryimage\",\"url\":\"https:\/\/rosanabraga.com.br\/2017\/wp-content\/uploads\/2016\/04\/O-poder-da-gentileza.png\",\"contentUrl\":\"https:\/\/rosanabraga.com.br\/2017\/wp-content\/uploads\/2016\/04\/O-poder-da-gentileza.png\",\"width\":1000,\"height\":1000},{\"@type\":\"BreadcrumbList\",\"@id\":\"http:\/\/rosanabraga.com.br\/2017\/produto\/livro-o-poder-da-gentileza-nova-edicao\/#breadcrumb\",\"itemListElement\":[{\"@type\":\"ListItem\",\"position\":1,\"name\":\"In\u00edcio\",\"item\":\"https:\/\/rosanabraga.com.br\/2017\/\"},{\"@type\":\"ListItem\",\"position\":2,\"name\":\"Produtos\",\"item\":\"http:\/\/rosanabraga.com.br\/2017\/shop\/\"},{\"@type\":\"ListItem\",\"position\":3,\"name\":\"Livro: O poder da gentileza (Nova Edi\u00e7\u00e3o)\"}]},{\"@type\":\"WebSite\",\"@id\":\"https:\/\/rosanabraga.com.br\/2017\/#website\",\"url\":\"https:\/\/rosanabraga.com.br\/2017\/\",\"name\":\"Rosana Braga\",\"description\":\"Relacionamento e Autoestima\",\"potentialAction\":[{\"@type\":\"SearchAction\",\"target\":{\"@type\":\"EntryPoint\",\"urlTemplate\":\"https:\/\/rosanabraga.com.br\/2017\/?s={search_term_string}\"},\"query-input\":{\"@type\":\"PropertyValueSpecification\",\"valueRequired\":true,\"valueName\":\"search_term_string\"}}],\"inLanguage\":\"pt-BR\"}]}<\/script>\n<!-- \/ Yoast SEO plugin. -->","yoast_head_json":{"title":"Livro: O poder da gentileza (Nova Edi\u00e7\u00e3o) - Rosana Braga","robots":{"index":"index","follow":"follow","max-snippet":"max-snippet:-1","max-image-preview":"max-image-preview:large","max-video-preview":"max-video-preview:-1"},"canonical":"http:\/\/rosanabraga.com.br\/2017\/produto\/livro-o-poder-da-gentileza-nova-edicao\/","og_locale":"pt_BR","og_type":"article","og_title":"Livro: O poder da gentileza (Nova Edi\u00e7\u00e3o) - Rosana Braga","og_description":"O Modo Como Voc\u00ea Trata As Pessoas Determina Quem Voc\u00ea \u00c9! NOVA EDI\u00c7\u00c3O REVISADA E AMPLIADA Este livro n\u00e3o trata de nenhum segredo. Entretanto, trata de detalhes valios\u00edssimos dos quais vamos nos esquecendo ao longo da vida, justamente por vivermos sob constante press\u00e3o, cobrados a...","og_url":"http:\/\/rosanabraga.com.br\/2017\/produto\/livro-o-poder-da-gentileza-nova-edicao\/","og_site_name":"Rosana Braga","article_modified_time":"2016-10-14T14:12:18+00:00","og_image":[{"width":1000,"height":1000,"url":"http:\/\/rosanabraga.com.br\/2017\/wp-content\/uploads\/2016\/04\/O-poder-da-gentileza.png","type":"image\/png"}],"twitter_card":"summary_large_image","twitter_misc":{"Est. tempo de leitura":"1 minuto"},"schema":{"@context":"https:\/\/schema.org","@graph":[{"@type":"WebPage","@id":"http:\/\/rosanabraga.com.br\/2017\/produto\/livro-o-poder-da-gentileza-nova-edicao\/","url":"http:\/\/rosanabraga.com.br\/2017\/produto\/livro-o-poder-da-gentileza-nova-edicao\/","name":"Livro: O poder da gentileza (Nova Edi\u00e7\u00e3o) - Rosana Braga","isPartOf":{"@id":"https:\/\/rosanabraga.com.br\/2017\/#website"},"primaryImageOfPage":{"@id":"http:\/\/rosanabraga.com.br\/2017\/produto\/livro-o-poder-da-gentileza-nova-edicao\/#primaryimage"},"image":{"@id":"http:\/\/rosanabraga.com.br\/2017\/produto\/livro-o-poder-da-gentileza-nova-edicao\/#primaryimage"},"thumbnailUrl":"https:\/\/rosanabraga.com.br\/2017\/wp-content\/uploads\/2016\/04\/O-poder-da-gentileza.png","datePublished":"2015-05-18T16:59:11+00:00","dateModified":"2016-10-14T14:12:18+00:00","breadcrumb":{"@id":"http:\/\/rosanabraga.com.br\/2017\/produto\/livro-o-poder-da-gentileza-nova-edicao\/#breadcrumb"},"inLanguage":"pt-BR","potentialAction":[{"@type":"ReadAction","target":["http:\/\/rosanabraga.com.br\/2017\/produto\/livro-o-poder-da-gentileza-nova-edicao\/"]}]},{"@type":"ImageObject","inLanguage":"pt-BR","@id":"http:\/\/rosanabraga.com.br\/2017\/produto\/livro-o-poder-da-gentileza-nova-edicao\/#primaryimage","url":"https:\/\/rosanabraga.com.br\/2017\/wp-content\/uploads\/2016\/04\/O-poder-da-gentileza.png","contentUrl":"https:\/\/rosanabraga.com.br\/2017\/wp-content\/uploads\/2016\/04\/O-poder-da-gentileza.png","width":1000,"height":1000},{"@type":"BreadcrumbList","@id":"http:\/\/rosanabraga.com.br\/2017\/produto\/livro-o-poder-da-gentileza-nova-edicao\/#breadcrumb","itemListElement":[{"@type":"ListItem","position":1,"name":"In\u00edcio","item":"https:\/\/rosanabraga.com.br\/2017\/"},{"@type":"ListItem","position":2,"name":"Produtos","item":"http:\/\/rosanabraga.com.br\/2017\/shop\/"},{"@type":"ListItem","position":3,"name":"Livro: O poder da gentileza (Nova Edi\u00e7\u00e3o)"}]},{"@type":"WebSite","@id":"https:\/\/rosanabraga.com.br\/2017\/#website","url":"https:\/\/rosanabraga.com.br\/2017\/","name":"Rosana Braga","description":"Relacionamento e Autoestima","potentialAction":[{"@type":"SearchAction","target":{"@type":"EntryPoint","urlTemplate":"https:\/\/rosanabraga.com.br\/2017\/?s={search_term_string}"},"query-input":{"@type":"PropertyValueSpecification","valueRequired":true,"valueName":"search_term_string"}}],"inLanguage":"pt-BR"}]}},"_links":{"self":[{"href":"https:\/\/rosanabraga.com.br\/2017\/wp-json\/wp\/v2\/product\/998","targetHints":{"allow":["GET"]}}],"collection":[{"href":"https:\/\/rosanabraga.com.br\/2017\/wp-json\/wp\/v2\/product"}],"about":[{"href":"https:\/\/rosanabraga.com.br\/2017\/wp-json\/wp\/v2\/types\/product"}],"replies":[{"embeddable":true,"href":"https:\/\/rosanabraga.com.br\/2017\/wp-json\/wp\/v2\/comments?post=998"}],"wp:featuredmedia":[{"embeddable":true,"href":"https:\/\/rosanabraga.com.br\/2017\/wp-json\/wp\/v2\/media\/988"}],"wp:attachment":[{"href":"https:\/\/rosanabraga.com.br\/2017\/wp-json\/wp\/v2\/media?parent=998"}],"wp:term":[{"taxonomy":"product_brand","embeddable":true,"href":"https:\/\/rosanabraga.com.br\/2017\/wp-json\/wp\/v2\/product_brand?post=998"},{"taxonomy":"product_cat","embeddable":true,"href":"https:\/\/rosanabraga.com.br\/2017\/wp-json\/wp\/v2\/product_cat?post=998"},{"taxonomy":"product_tag","embeddable":true,"href":"https:\/\/rosanabraga.com.br\/2017\/wp-json\/wp\/v2\/product_tag?post=998"}],"curies":[{"name":"wp","href":"https:\/\/api.w.org\/{rel}","templated":true}]}}