{"id":382,"date":"2015-05-17T10:13:00","date_gmt":"2015-05-17T10:13:00","guid":{"rendered":"http:\/\/wp.magnium-themes.com\/himmelen\/himmelen-1\/?post_type=product&#038;p=382"},"modified":"2016-05-20T04:41:44","modified_gmt":"2016-05-20T04:41:44","slug":"pilulas-de-gentileza","status":"publish","type":"product","link":"https:\/\/rosanabraga.com.br\/2017\/produto\/pilulas-de-gentileza\/","title":{"rendered":"Livro: P\u00edlulas da Gentileza"},"content":{"rendered":"<p><strong>51 a\u00e7\u00f5es efetivas para superar dificuldades nas rela\u00e7\u00f5es pessoais e profissionais e criar sucesso e felicidade!<\/strong><br \/>\nEste livro pretende, acima de tudo, despertar a sua gentileza nos momentos menos prov\u00e1veis, quando ser gentil \u00e9 tudo o que voc\u00ea (ou eu, ou a maioria das pessoas) n\u00e3o quer, pelo menos n\u00e3o num primeiro momento. A ideia \u00e9 prepar\u00e1-lo para que, diante de uma crise, uma discuss\u00e3o ou uma dificuldade de comunica\u00e7\u00e3o, voc\u00ea consiga encontrar em si meios muito mais criativos, construtivos e positivos de lidar com a situa\u00e7\u00e3o e com as pessoas envolvidas nela. Depois desta leitura, voc\u00ea certamente estar\u00e1 convencido de que vale a pena e, muito provavelmente, vai se lembrar disso mais vezes do que tem feito at\u00e9 hoje, conduzindo suas rela\u00e7\u00f5es de uma forma bem mais feliz.<\/p>\n<p>172 p\u00e1ginas<br \/>\nFormato: 8x12cm<\/p>\n","protected":false},"excerpt":{"rendered":"<p>51 a\u00e7\u00f5es efetivas para superar dificuldades nas rela\u00e7\u00f5es pessoais e profissionais e criar sucesso e felicidade! Este livro pretende, acima de tudo, despertar a sua gentileza nos momentos menos prov\u00e1veis, quando ser gentil \u00e9 tudo o que voc\u00ea (ou eu, ou a maioria das pessoas)&#8230;<\/p>\n","protected":false},"featured_media":989,"comment_status":"open","ping_status":"closed","template":"","meta":{"_exactmetrics_skip_tracking":false,"_exactmetrics_sitenote_active":false,"_exactmetrics_sitenote_note":"","_exactmetrics_sitenote_category":0},"product_brand":[],"product_cat":[38],"product_tag":[43,46],"class_list":{"0":"post-382","1":"product","2":"type-product","3":"status-publish","4":"has-post-thumbnail","6":"product_cat-livros","7":"product_tag-autoestima","8":"product_tag-gentileza","10":"first","11":"instock","12":"shipping-taxable","13":"purchasable","14":"product-type-simple"},"yoast_head":"<!-- This site is optimized with the Yoast SEO plugin v24.2 - https:\/\/yoast.com\/wordpress\/plugins\/seo\/ -->\n<title>Livro: P\u00edlulas da Gentileza - Rosana Braga<\/title>\n<meta name=\"robots\" content=\"index, follow, max-snippet:-1, max-image-preview:large, max-video-preview:-1\" \/>\n<link rel=\"canonical\" href=\"https:\/\/rosanabraga.com.br\/2017\/produto\/pilulas-de-gentileza\/\" \/>\n<meta property=\"og:locale\" content=\"pt_BR\" \/>\n<meta property=\"og:type\" content=\"article\" \/>\n<meta property=\"og:title\" content=\"Livro: P\u00edlulas da Gentileza - Rosana Braga\" \/>\n<meta property=\"og:description\" content=\"51 a\u00e7\u00f5es efetivas para superar dificuldades nas rela\u00e7\u00f5es pessoais e profissionais e criar sucesso e felicidade! Este livro pretende, acima de tudo, despertar a sua gentileza nos momentos menos prov\u00e1veis, quando ser gentil \u00e9 tudo o que voc\u00ea (ou eu, ou a maioria das pessoas)...\" \/>\n<meta property=\"og:url\" content=\"https:\/\/rosanabraga.com.br\/2017\/produto\/pilulas-de-gentileza\/\" \/>\n<meta property=\"og:site_name\" content=\"Rosana Braga\" \/>\n<meta property=\"article:modified_time\" content=\"2016-05-20T04:41:44+00:00\" \/>\n<meta property=\"og:image\" content=\"https:\/\/rosanabraga.com.br\/2017\/wp-content\/uploads\/2016\/04\/Pilulas-de-gentileza.png\" \/>\n\t<meta property=\"og:image:width\" content=\"1000\" \/>\n\t<meta property=\"og:image:height\" content=\"1000\" \/>\n\t<meta property=\"og:image:type\" content=\"image\/png\" \/>\n<meta name=\"twitter:card\" content=\"summary_large_image\" \/>\n<meta name=\"twitter:label1\" content=\"Est. tempo de leitura\" \/>\n\t<meta name=\"twitter:data1\" content=\"1 minuto\" \/>\n<script type=\"application\/ld+json\" class=\"yoast-schema-graph\">{\"@context\":\"https:\/\/schema.org\",\"@graph\":[{\"@type\":\"WebPage\",\"@id\":\"https:\/\/rosanabraga.com.br\/2017\/produto\/pilulas-de-gentileza\/\",\"url\":\"https:\/\/rosanabraga.com.br\/2017\/produto\/pilulas-de-gentileza\/\",\"name\":\"Livro: P\u00edlulas da Gentileza - Rosana Braga\",\"isPartOf\":{\"@id\":\"https:\/\/rosanabraga.com.br\/2017\/#website\"},\"primaryImageOfPage\":{\"@id\":\"https:\/\/rosanabraga.com.br\/2017\/produto\/pilulas-de-gentileza\/#primaryimage\"},\"image\":{\"@id\":\"https:\/\/rosanabraga.com.br\/2017\/produto\/pilulas-de-gentileza\/#primaryimage\"},\"thumbnailUrl\":\"https:\/\/rosanabraga.com.br\/2017\/wp-content\/uploads\/2016\/04\/Pilulas-de-gentileza.png\",\"datePublished\":\"2015-05-17T10:13:00+00:00\",\"dateModified\":\"2016-05-20T04:41:44+00:00\",\"breadcrumb\":{\"@id\":\"https:\/\/rosanabraga.com.br\/2017\/produto\/pilulas-de-gentileza\/#breadcrumb\"},\"inLanguage\":\"pt-BR\",\"potentialAction\":[{\"@type\":\"ReadAction\",\"target\":[\"https:\/\/rosanabraga.com.br\/2017\/produto\/pilulas-de-gentileza\/\"]}]},{\"@type\":\"ImageObject\",\"inLanguage\":\"pt-BR\",\"@id\":\"https:\/\/rosanabraga.com.br\/2017\/produto\/pilulas-de-gentileza\/#primaryimage\",\"url\":\"https:\/\/rosanabraga.com.br\/2017\/wp-content\/uploads\/2016\/04\/Pilulas-de-gentileza.png\",\"contentUrl\":\"https:\/\/rosanabraga.com.br\/2017\/wp-content\/uploads\/2016\/04\/Pilulas-de-gentileza.png\",\"width\":1000,\"height\":1000},{\"@type\":\"BreadcrumbList\",\"@id\":\"https:\/\/rosanabraga.com.br\/2017\/produto\/pilulas-de-gentileza\/#breadcrumb\",\"itemListElement\":[{\"@type\":\"ListItem\",\"position\":1,\"name\":\"In\u00edcio\",\"item\":\"https:\/\/rosanabraga.com.br\/2017\/\"},{\"@type\":\"ListItem\",\"position\":2,\"name\":\"Produtos\",\"item\":\"http:\/\/rosanabraga.com.br\/2017\/shop\/\"},{\"@type\":\"ListItem\",\"position\":3,\"name\":\"Livro: P\u00edlulas da Gentileza\"}]},{\"@type\":\"WebSite\",\"@id\":\"https:\/\/rosanabraga.com.br\/2017\/#website\",\"url\":\"https:\/\/rosanabraga.com.br\/2017\/\",\"name\":\"Rosana Braga\",\"description\":\"Relacionamento e Autoestima\",\"potentialAction\":[{\"@type\":\"SearchAction\",\"target\":{\"@type\":\"EntryPoint\",\"urlTemplate\":\"https:\/\/rosanabraga.com.br\/2017\/?s={search_term_string}\"},\"query-input\":{\"@type\":\"PropertyValueSpecification\",\"valueRequired\":true,\"valueName\":\"search_term_string\"}}],\"inLanguage\":\"pt-BR\"}]}<\/script>\n<!-- \/ Yoast SEO plugin. -->","yoast_head_json":{"title":"Livro: P\u00edlulas da Gentileza - Rosana Braga","robots":{"index":"index","follow":"follow","max-snippet":"max-snippet:-1","max-image-preview":"max-image-preview:large","max-video-preview":"max-video-preview:-1"},"canonical":"https:\/\/rosanabraga.com.br\/2017\/produto\/pilulas-de-gentileza\/","og_locale":"pt_BR","og_type":"article","og_title":"Livro: P\u00edlulas da Gentileza - Rosana Braga","og_description":"51 a\u00e7\u00f5es efetivas para superar dificuldades nas rela\u00e7\u00f5es pessoais e profissionais e criar sucesso e felicidade! Este livro pretende, acima de tudo, despertar a sua gentileza nos momentos menos prov\u00e1veis, quando ser gentil \u00e9 tudo o que voc\u00ea (ou eu, ou a maioria das pessoas)...","og_url":"https:\/\/rosanabraga.com.br\/2017\/produto\/pilulas-de-gentileza\/","og_site_name":"Rosana Braga","article_modified_time":"2016-05-20T04:41:44+00:00","og_image":[{"width":1000,"height":1000,"url":"https:\/\/rosanabraga.com.br\/2017\/wp-content\/uploads\/2016\/04\/Pilulas-de-gentileza.png","type":"image\/png"}],"twitter_card":"summary_large_image","twitter_misc":{"Est. tempo de leitura":"1 minuto"},"schema":{"@context":"https:\/\/schema.org","@graph":[{"@type":"WebPage","@id":"https:\/\/rosanabraga.com.br\/2017\/produto\/pilulas-de-gentileza\/","url":"https:\/\/rosanabraga.com.br\/2017\/produto\/pilulas-de-gentileza\/","name":"Livro: P\u00edlulas da Gentileza - Rosana Braga","isPartOf":{"@id":"https:\/\/rosanabraga.com.br\/2017\/#website"},"primaryImageOfPage":{"@id":"https:\/\/rosanabraga.com.br\/2017\/produto\/pilulas-de-gentileza\/#primaryimage"},"image":{"@id":"https:\/\/rosanabraga.com.br\/2017\/produto\/pilulas-de-gentileza\/#primaryimage"},"thumbnailUrl":"https:\/\/rosanabraga.com.br\/2017\/wp-content\/uploads\/2016\/04\/Pilulas-de-gentileza.png","datePublished":"2015-05-17T10:13:00+00:00","dateModified":"2016-05-20T04:41:44+00:00","breadcrumb":{"@id":"https:\/\/rosanabraga.com.br\/2017\/produto\/pilulas-de-gentileza\/#breadcrumb"},"inLanguage":"pt-BR","potentialAction":[{"@type":"ReadAction","target":["https:\/\/rosanabraga.com.br\/2017\/produto\/pilulas-de-gentileza\/"]}]},{"@type":"ImageObject","inLanguage":"pt-BR","@id":"https:\/\/rosanabraga.com.br\/2017\/produto\/pilulas-de-gentileza\/#primaryimage","url":"https:\/\/rosanabraga.com.br\/2017\/wp-content\/uploads\/2016\/04\/Pilulas-de-gentileza.png","contentUrl":"https:\/\/rosanabraga.com.br\/2017\/wp-content\/uploads\/2016\/04\/Pilulas-de-gentileza.png","width":1000,"height":1000},{"@type":"BreadcrumbList","@id":"https:\/\/rosanabraga.com.br\/2017\/produto\/pilulas-de-gentileza\/#breadcrumb","itemListElement":[{"@type":"ListItem","position":1,"name":"In\u00edcio","item":"https:\/\/rosanabraga.com.br\/2017\/"},{"@type":"ListItem","position":2,"name":"Produtos","item":"http:\/\/rosanabraga.com.br\/2017\/shop\/"},{"@type":"ListItem","position":3,"name":"Livro: P\u00edlulas da Gentileza"}]},{"@type":"WebSite","@id":"https:\/\/rosanabraga.com.br\/2017\/#website","url":"https:\/\/rosanabraga.com.br\/2017\/","name":"Rosana Braga","description":"Relacionamento e Autoestima","potentialAction":[{"@type":"SearchAction","target":{"@type":"EntryPoint","urlTemplate":"https:\/\/rosanabraga.com.br\/2017\/?s={search_term_string}"},"query-input":{"@type":"PropertyValueSpecification","valueRequired":true,"valueName":"search_term_string"}}],"inLanguage":"pt-BR"}]}},"_links":{"self":[{"href":"https:\/\/rosanabraga.com.br\/2017\/wp-json\/wp\/v2\/product\/382","targetHints":{"allow":["GET"]}}],"collection":[{"href":"https:\/\/rosanabraga.com.br\/2017\/wp-json\/wp\/v2\/product"}],"about":[{"href":"https:\/\/rosanabraga.com.br\/2017\/wp-json\/wp\/v2\/types\/product"}],"replies":[{"embeddable":true,"href":"https:\/\/rosanabraga.com.br\/2017\/wp-json\/wp\/v2\/comments?post=382"}],"wp:featuredmedia":[{"embeddable":true,"href":"https:\/\/rosanabraga.com.br\/2017\/wp-json\/wp\/v2\/media\/989"}],"wp:attachment":[{"href":"https:\/\/rosanabraga.com.br\/2017\/wp-json\/wp\/v2\/media?parent=382"}],"wp:term":[{"taxonomy":"product_brand","embeddable":true,"href":"https:\/\/rosanabraga.com.br\/2017\/wp-json\/wp\/v2\/product_brand?post=382"},{"taxonomy":"product_cat","embeddable":true,"href":"https:\/\/rosanabraga.com.br\/2017\/wp-json\/wp\/v2\/product_cat?post=382"},{"taxonomy":"product_tag","embeddable":true,"href":"https:\/\/rosanabraga.com.br\/2017\/wp-json\/wp\/v2\/product_tag?post=382"}],"curies":[{"name":"wp","href":"https:\/\/api.w.org\/{rel}","templated":true}]}}